hat is -2 (base 10) in base 8?
-2
Convert -5 (base 14) to base 5.
-10
-23 (base 15) to base 4
-201
5 (base 13) to base 10
5
Convert 70 (base 16) to base 8.
160
What is 330 (base 8) in base 16?
d8
-1 (base 5) to base 14
-1
What is -d1 (base 15) in base 7?
-400
Convert 56 (base 10) to base 5.
211
11 (base 3) to base 16
4
What is 1 (base 11) in base 9?
1
What is -2b (base 15) in base 12?
-35
Convert 1022 (base 3) to base 9.
38
-27 (base 9) to base 8
-31
What is 112 (base 11) in base 4?
2012
What is 11011001 (base 2) in base 5?
1332
Convert -202 (base 5) to base 13.
-40
Convert -44 (base 13) to base 5.
-211
Convert -32 (base 6) to base 16.
-14
2d (base 15) to base 10
43
What is -27 (base 11) in base 7?
-41
What is -101 (base 2) in base 11?
-5
What is 7 (base 11) in base 7?
10
Convert 7b (base 16) to base 3.
11120
What is 4 (base 14) in base 16?
4
Convert 3 (base 6) to base 12.
3
4 (base 10) to base 15
4
What is 10110011 (base 2) in base 5?
1204
What is -3120 (base 4) in base 14?
-116
432 (base 6) to base 13
c8
Convert 83 (base 16) to base 7.
245
What is -5 (base 8) in base 3?
-12
Convert -43 (base 12) to base 4.
-303
Convert -23 (base 8) to base 13.
-16
117 (base 10) to base 16
75
Convert -111 (base 9) to base 12.
-77
Convert 11 (base 11) to base 13.
c
What is -1010 (base 2) in base 7?
-13
What is 211 (base 6) in base 7?
142
2 (base 7) to base 15
2
Convert -20 (base 4) to base 3.
-22
40 (base 5) to base 4
110
What is 1 (base 8) in base 4?
1
What is 0 (base 12) in base 16?
0
What is 28 (base 14) in base 2?
100100
10302 (base 4) to base 12
216
16 (base 13) to base 16
13
What is 1 (base 4) in base 5?
1
What is -1 (base 9) in base 7?
-1
-1100111 (base 2) to base 9
-124
Convert a (base 12) to base 6.
14
What is -9 (base 11) in base 4?
-21
What is 23 (base 11) in base 14?
1b
Convert -4c (base 15) to base 9.
-80
What is 3 (base 14) in base 3?
10
What is -10 (base 3) in base 9?
-3
-c (base 15) to base 14
-c
Convert 50 (base 8) to base 11.
37
Convert -10121 (base 3) to base 14.
-6d
What is 2 (base 12) in base 10?
2
21 (base 4) to base 9
10
What is -2 (base 11) in base 10?
-2
What is -21 (base 4) in base 3?
-100
What is 38 (base 10) in base 11?
35
What is 1014 (base 6) in base 4?
3202
What is -13 (base 14) in base 13?
-14
Convert 52 (base 11) to base 16.
39
Convert 5 (base 15) to base 5.
10
Convert -27 (base 8) to base 12.
-1b
What is -27 (base 16) in base 9?
-43
Convert 0 (base 7) to base 14.
0
What is -41 (base 7) in base 11?
-27
What is -1100001 (base 2) in base 9?
-117
-100111101 (base 2) to base 13
-1b5
20 (base 7) to base 16
e
-2 (base 7) to base 16
-2
What is 3 (base 4) in base 7?
3
-20 (base 14) to base 9
-31
5 (base 6) to base 2
101
Convert 123 (base 4) to base 9.
30
What is 33 (base 11) in base 9?
40
13 (base 10) to base 16
d
-13 (base 8) to base 12
-b
12 (base 4) to base 6
10
Convert -8e (base 16) to base 3.
-12021
What is -1111 (base 3) in base 16?
-28
What is 0 (base 13) in base 11?
0
-2 (base 10) to base 15
-2
What is -2 (base 12) in base 7?
-2
39 (base 15) to base 9
60
What is 1 (base 4) in base 7?
1
What is 182 (base 13) in base 3?
101012
0 (base 10) to base 8
0
Convert -b (base 14) to base 16.
-b
Convert 51 (base 8) to base 15.
2b
Convert -7 (base 10) to base 15.
-7
What is -100001001 (base 2) in base 4?
-10021
What is -222 (base 3) in base 13?
-20
Convert 2b (base 15) to base 6.
105
Convert -32 (base 15) to base 5.
-142
Convert -23 (base 12) to base 13.
-21
What is -6 (base 14) in base 9?
-6
Convert 32 (base 9) to base 11.
27
-4 (base 12) to base 2
-100
-18 (base 14) to base 9
-24
Convert 6 (base 13) to base 15.
6
Convert -4 (base 15) to base 13.
-4
-16 (base 12) to base 16
-12
-5 (base 16) to base 11
-5
12 (base 8) to base 6
14
Convert 3320 (base 4) to base 12.
188
What is -26 (base 8) in base 7?
-31
Convert 0 (base 16) to base 8.
0
Convert -13 (base 9) to base 7.
-15
Convert -96 (base 11) to base 16.
-69
-4 (base 12) to base 7
-4
16a (base 11) to base 6
525
Convert -84 (base 11) to base 10.
-92
What is 1a8 (base 11) in base 3?
22212
28 (base 12) to base 6
52
What is -3 (base 5) in base 4?
-3
0 (base 8) to base 5
0
What is 1 (base 12) in base 2?
1
-30 (base 10) to base 8
-36
Convert 21 (base 9) to base 8.
23
Convert -122 (base 11) to base 3.
-12101
-7 (base 8) to base 4
-13
Convert 12112 (base 3) to base 8.
225
Convert -154 (base 8) to base 12.
-90
Convert 2 (base 9) to base 4.
2
What is 20 (base 7) in base 12?
12
What is -2 (base 7) in base 10?
-2
Convert -2 (base 14) to base 12.
-2
0 (base 15) to base 16
0
Convert 0 (base 16) to base 11.
0
What is 3 (base 4) in base 11?
3
What is 3 (base 10) in base 11?
3
Convert -3 (base 11) to base 6.
-3
3 (base 11) to base 4
3
Convert 1 (base 15) to base 12.
1
Convert 5 (base 12) to base 3.
12
14 (base 14) to base 9
20
What is 31 (base 4) in base 11?
12
What is 3 (base 14) in base 7?
3
Convert 2 (base 15) to base 11.
2
What is 32 (base 4) in base 5?
24
-14 (base 8) to base 9
-13
What is 3 (base 11) in base 15?
3
What is 1 (base 4) in base 8?
1
What is 3 (base 14) in base 10?
3
What is -2 (base 10) in base 9?
-2
107 (base 8) to base 6
155
What is 1102 (base 4) in base 9?
101
What is -404 (base 8) in base 14?
-148
Convert -1a (base 12) to base 4.
-112
25 (base 8) to base 9
23
What is 1 (base 4) in base 12?
1
What is 0 (base 8) in base 6?
0
What is -100 (base 8) in base 2?
-1000000
Convert -1211 (base 3) to base 7.
-100
Convert -3 (base 12) to base 3.
-10
-32 (base 7) to base 11
-21
3b (base 15) to base 12
48
14 (base 9) to base 13
10
-254 (base 9) to base 15
-e1
Convert -40 (base 9) to base 13.
-2a
Convert 0 (base 14) to base 15.
0
What is -234 (base 5) in base 8?
-105
What is 5 (base 16) in base 8?
5
-3 (base 15) to base 8
-3
Convert 26 (base 10) to base 9.
28
Convert 131 (base 9) to base 8.
155
Convert -110 (base 2) to base 11.
-6
-2 (base 9) to base 15
-2
What is 2 (base 15) in base 13?
2
-40 (base 5) to base 9
-22
-2 (base 12) to base 11
-2
What is -12 (base 4) in base 12?
-6
Convert 3 (base 13) to base 9.
3
Convert 11 (base 3) to base 13.
4
Convert 0 (base 15) to base 9.
0
What is 0 (base 8) in base 13?
0
Convert -27 (base 14) to base 10.
-35
Convert 4 (base 7) to base 10.
4
What is 21 (base 15) in base 11?
29
-356 (base 8) to base 2
-11101110
Convert 0 (base 16) to base 7.
0
-1ab (base 13) to base 4
-10312
What is 0 (base 10) in base 15?
0
-400 (base 6) to base 8
-220
What is 12 (base 3) in base 15?
5
What is 15 (base 6) in base 2?
1011
What is -7 (base 10) in base 8?
-7
What is -30 (base 8) in base 12?
-20
b2 (base 14) to base 16
9c
What is 151 (base 7) in base 14?
61
Convert 5 (base 8) to base 11.
5
What is 74 (base 10) in base 4?
1022
223 (base 8) to base 14
a7
Convert -63 (base 8) to base 10.
-51
What is 4 (base 9) in base 7?
4
What is 212 (base 3) in base 5?
43
Convert -2220 (base 3) to base 16.
-4e
-7 (base 14) to base 12
-7
What is 9 (base 11) in base 14?
9
Convert -144 (base 5) to base 3.
-1211
1 (base 5) to base 6
1
-13 (base 7) to base 3
-101
100 (base 10) to base 4
1210
Convert 0 (base 15) to base 8.
0
-3 (base 7) to base 13
-3
What is -1000 (base 3) in base 5?
-102
Convert 11 (base 16) to base 9.
18
What is 3 (base 6) in base 4?
3
Convert 0 (base 9) to base 12.
0
-4 (base 7) to base 12
-4
-52 (base 14) to base 6
-200
What is -1 (base 11) in base 3?
-1
What is -102 (base 3) in base 15?
-b
What is -9 (base 10) in base 5?
-14
What is -a (base 16) in base 12?
-a
1 (base 16) to base 8
1
Convert 11 (base 2) to base 8.
3
Convert -100 (base 2) to base 13.
-4
What is -4 (base 11) in base 4?
-10
What is 0 (base 12) in base 6?
0
What is 1 (base 6) in base 15?
1
Convert -12 (base 4) to base 15.
-6
-1313 (base 4) to base 10
-119
What is 22 (base 6) in base 9?
15
5c (base 13) to base 16
4d
What is -5 (base 14) in base 8?
-5
10 (base 14) to base 8
16
2 (base 15) to base 4
2
Convert 332 (base 5) to base 15.
62
Convert 3100 (base 4) to base 7.
415
What is 1012 (base 5) in base 12?
b0
What is 14 (base 12) in base 11?
15
35 (base 9) to base 6
52
211 (base 3) to base 11
20
Convert -2 (base 4) to base 6.
-2
Convert -4 (base 15) to base 6.
-4
What is 222 (base 6) in base 12?
72
2 (base 3) to base 16
2
Convert 21 (base 4) to base 13.
9
-11 (base 2) to base 7
-3
Convert -73 (base 9) to base 6.
-150
What